{"id":2864,"date":"2025-12-22T21:39:16","date_gmt":"2025-12-22T20:39:16","guid":{"rendered":"https:\/\/krv-wesermarsch.de\/wordpress\/?page_id=2864"},"modified":"2026-01-01T22:42:06","modified_gmt":"2026-01-01T21:42:06","slug":"trainerfortbildung-ina-tapken","status":"publish","type":"page","link":"https:\/\/krv-wesermarsch.de\/wordpress\/trainerfortbildung-ina-tapken\/","title":{"rendered":"Trainerfortbildung mit Ina Tapken"},"content":{"rendered":"\n<p><\/p>\n\n\n\n<p>Am 17.02.2026 in Stollhamm und 19.02.2026 in Bettingb\u00fchren jeweils von 18:00 Uhr bis 21:30 Uhr findet die Trainerfortbildung &#8220;Bed\u00fcrfnisorientierter Reitunterricht f\u00fcr alle &#8211; individuell f\u00f6rdern, fordern und begleiten&#8221; mit Ina Tapken statt. Die Kosten betragen 50 \u20ac f\u00fcr beide Abende pro Teilnehmer.<\/p>\n\n\n\n<p>Auch interessierte Pferdesportler k\u00f6nnen teilnehmen.<\/p>\n\n\n\n<p>F\u00fcr Inhaber einer DOSB-Trainer-Lizenz werden 6 LE im Profil 1 anerkannt. Die Teilnehmerzahl ist begrenzt.<\/p>\n\n\n\n<p> R\u00fcckfragen gerne per E-Mail: <a href=\"mailto:lehrgaenge@kpsv-wesermarsch.de\" target=\"_blank\" rel=\"noreferrer noopener\">lehrgaenge@kpsv-wesermarsch.de<\/a><\/p>\n\n\n\n<p><strong>Verbindlicher Anmeldeschluss ist der 01.02.2026<\/strong>.<\/p>\n\n\n\n<div class=\"wpcf7 no-js\" id=\"wpcf7-f2860-o1\" lang=\"de-DE\" dir=\"ltr\" data-wpcf7-id=\"2860\">\n<div class=\"screen-reader-response\"><p role=\"status\" aria-live=\"polite\" aria-atomic=\"true\"><\/p> <ul><\/ul><\/div>\n<form action=\"\/wordpress\/wp-json\/wp\/v2\/pages\/2864#wpcf7-f2860-o1\" method=\"post\" class=\"wpcf7-form init\" aria-label=\"Kontaktformular\" novalidate=\"novalidate\" data-status=\"init\">\n<fieldset class=\"hidden-fields-container\"><input type=\"hidden\" name=\"_wpcf7\" value=\"2860\" \/><input type=\"hidden\" name=\"_wpcf7_version\" value=\"6.1.4\" \/><input type=\"hidden\" name=\"_wpcf7_locale\" value=\"de_DE\" \/><input type=\"hidden\" name=\"_wpcf7_unit_tag\" value=\"wpcf7-f2860-o1\" \/><input type=\"hidden\" name=\"_wpcf7_container_post\" value=\"0\" \/><input type=\"hidden\" name=\"_wpcf7_posted_data_hash\" value=\"\" \/>\n<\/fieldset>\n<p><label class=\"h3\">Anmeldung zur Trainerfortbildung \"Bed\u00fcrfnisorientierter Reitunterricht f\u00fcr alle\" am 17.02 und 19.02.2026<\/label>\n<\/p>\n<p><label> Vor- und Nachname (Pflichtfeld)<br \/>\n<span class=\"wpcf7-form-control-wrap\" data-name=\"teilnehmer\"><input size=\"40\" maxlength=\"400\" class=\"wpcf7-form-control wpcf7-text wpcf7-validates-as-required\" aria-required=\"true\" aria-invalid=\"false\" value=\"\" type=\"text\" name=\"teilnehmer\" \/><\/span> <\/label>\n<\/p>\n<p><label> E-Mail-Adresse (Pflichtfeld)<br \/>\n<span class=\"wpcf7-form-control-wrap\" data-name=\"email\"><input size=\"40\" maxlength=\"400\" class=\"wpcf7-form-control wpcf7-email wpcf7-validates-as-required wpcf7-text wpcf7-validates-as-email\" aria-required=\"true\" aria-invalid=\"false\" value=\"\" type=\"email\" name=\"email\" \/><\/span> <\/label>\n<\/p>\n<p><label> Mobiltelefon (WhatsApp)<br \/>\n<span class=\"wpcf7-form-control-wrap\" data-name=\"mobilnr\"><input size=\"40\" maxlength=\"400\" class=\"wpcf7-form-control wpcf7-text\" aria-invalid=\"false\" value=\"\" type=\"text\" name=\"mobilnr\" \/><\/span> <\/label>\n<\/p>\n<p><label> Verein (Pflichtfeld)<br \/>\n<span class=\"wpcf7-form-control-wrap\" data-name=\"verein\"><select class=\"wpcf7-form-control wpcf7-select wpcf7-validates-as-required\" aria-required=\"true\" aria-invalid=\"false\" name=\"verein\"><option value=\"Stedinger RUFV Sturmvogel Berne\">Stedinger RUFV Sturmvogel Berne<\/option><option value=\"RV Bettingb\u00fchren e.V.\">RV Bettingb\u00fchren e.V.<\/option><option value=\"Butjenter Pferdefreunde e.V.\">Butjenter Pferdefreunde e.V.<\/option><option value=\"Jader RC e.V.\">Jader RC e.V.<\/option><option value=\"Moorriemer RC e.V.\">Moorriemer RC e.V.<\/option><option value=\"Nordenhamer RC e.V.\">Nordenhamer RC e.V.<\/option><option value=\"RV Ovelg\u00f6nne von 1908 e.V.\">RV Ovelg\u00f6nne von 1908 e.V.<\/option><option value=\"RUFV Rodenkirchen\">RUFV Rodenkirchen<\/option><option value=\"Butjadinger RV. Stollhamm\">Butjadinger RV. Stollhamm<\/option><option value=\"RUFV Nordbutjadingen e.V. Tossens\">RUFV Nordbutjadingen e.V. Tossens<\/option><option value=\"TG Weser-West e.V.\">TG Weser-West e.V.<\/option><option value=\"TG Zucht und Sport Lemwerder\">TG Zucht und Sport Lemwerder<\/option><option value=\"Kein Verein aus der Wesermarsch\">Kein Verein aus der Wesermarsch<\/option><\/select><\/span> <\/label>\n<\/p>\n<p><label>Trainerlizenz (Pflichtfeld)<\/label><br \/>\n<span class=\"wpcf7-form-control-wrap\" data-name=\"trainerlizenz\"><span class=\"wpcf7-form-control wpcf7-radio\"><span class=\"wpcf7-list-item first\"><label><input type=\"radio\" name=\"trainerlizenz\" value=\"Ich habe eine Trainerlizenz\" \/><span class=\"wpcf7-list-item-label\">Ich habe eine Trainerlizenz<\/span><\/label><\/span><span class=\"wpcf7-list-item last\"><label><input type=\"radio\" name=\"trainerlizenz\" value=\"Ich habe keine Trainerlizenz\" \/><span class=\"wpcf7-list-item-label\">Ich habe keine Trainerlizenz<\/span><\/label><\/span><\/span><\/span>\n<\/p>\n<p><label>Hinweise an den Veranstalter<\/label><br \/>\n<span class=\"wpcf7-form-control-wrap\" data-name=\"hinweis\"><textarea cols=\"40\" rows=\"10\" maxlength=\"2000\" class=\"wpcf7-form-control wpcf7-textarea\" aria-invalid=\"false\" name=\"hinweis\"><\/textarea><\/span>\n<\/p>\n<p><span class=\"wpcf7-form-control-wrap\" data-name=\"datenschutz\"><span class=\"wpcf7-form-control wpcf7-acceptance\"><span class=\"wpcf7-list-item\"><label><input type=\"checkbox\" name=\"datenschutz\" value=\"1\" aria-invalid=\"false\" \/><span class=\"wpcf7-list-item-label\">Ich stimme zu, dass meine Angaben aus dem Formular f\u00fcr die Organisation der Trainerfortbildung erhoben und verarbeitet werden. Detaillierte Informationen zum Umgang mit Nutzerdaten finden Sie in unserer <a href=\"http:\/\/kpsv-wesermarsch.de\/wordpress\/datenschutzerklaerung\" target=\"_blank\">Datenschutzerkl\u00e4rung<\/a>.<\/span><\/label><\/span><\/span><\/span>\n<\/p>\n<p><span id=\"wpcf7-69e7817af358c-wrapper\" class=\"wpcf7-form-control-wrap honeypot-TF2026-1-wrap\" style=\"display:none !important; visibility:hidden !important;\"><label for=\"wpcf7-69e7817af358c-field\" class=\"hp-message\">Bitte lasse dieses Feld leer.<\/label><input id=\"wpcf7-69e7817af358c-field\"  class=\"wpcf7-form-control wpcf7-text\" type=\"text\" name=\"honeypot-TF2026-1\" value=\"\" size=\"40\" tabindex=\"-1\" autocomplete=\"new-password\" \/><\/span><br \/>\n<span id=\"wpcf7-69e7817af35e4-wrapper\" class=\"wpcf7-form-control-wrap honeypot-TF2026-2-wrap\" style=\"display:none !important; visibility:hidden !important;\"><label for=\"wpcf7-69e7817af35e4-field\" class=\"hp-message\">Bitte lasse dieses Feld leer.<\/label><input id=\"wpcf7-69e7817af35e4-field\"  class=\"wpcf7-form-control wpcf7-text\" type=\"text\" name=\"honeypot-TF2026-2\" value=\"\" size=\"40\" tabindex=\"-1\" autocomplete=\"new-password\" \/><\/span>\n<\/p>\n<p><input class=\"wpcf7-form-control wpcf7-submit has-spinner\" type=\"submit\" value=\"Anmeldung abschicken\" \/>\n<\/p><p style=\"display: none !important;\" class=\"akismet-fields-container\" data-prefix=\"_wpcf7_ak_\"><label>&#916;<textarea name=\"_wpcf7_ak_hp_textarea\" cols=\"45\" rows=\"8\" maxlength=\"100\"><\/textarea><\/label><input type=\"hidden\" id=\"ak_js_1\" name=\"_wpcf7_ak_js\" value=\"173\"\/><script>document.getElementById( \"ak_js_1\" ).setAttribute( \"value\", ( new Date() ).getTime() );<\/script><\/p><div class=\"wpcf7-response-output\" aria-hidden=\"true\"><\/div>\n<\/form>\n<\/div>\n\n","protected":false},"excerpt":{"rendered":"<p>Am 17.02.2026 in Stollhamm und 19.02.2026 in Bettingb\u00fchren jeweils von 18:00 Uhr bis 21:30 Uhr findet die Trainerfortbildung &#8220;Bed\u00fcrfnisorientierter Reitunterricht [&hellip;]<\/p>\n","protected":false},"author":3,"featured_media":0,"parent":0,"menu_order":0,"comment_status":"closed","ping_status":"closed","template":"","meta":{"_uag_custom_page_level_css":"","site-sidebar-layout":"default","site-content-layout":"","ast-site-content-layout":"default","site-content-style":"default","site-sidebar-style":"default","ast-global-header-display":"","ast-banner-title-visibility":"","ast-main-header-display":"","ast-hfb-above-header-display":"","ast-hfb-below-header-display":"","ast-hfb-mobile-header-display":"","site-post-title":"","ast-breadcrumbs-content":"","ast-featured-img":"","footer-sml-layout":"","theme-transparent-header-meta":"","adv-header-id-meta":"","stick-header-meta":"","header-above-stick-meta":"","header-main-stick-meta":"","header-below-stick-meta":"","astra-migrate-meta-layouts":"default","ast-page-background-enabled":"default","ast-page-background-meta":{"desktop":{"background-color":"var(--ast-global-color-5)","background-image":"","background-repeat":"repeat","background-position":"center center","background-size":"auto","background-attachment":"scroll","background-type":"","background-media":"","overlay-type":"","overlay-color":"","overlay-opacity":"","overlay-gradient":""},"tablet":{"background-color":"","background-image":"","background-repeat":"repeat","background-position":"center center","background-size":"auto","background-attachment":"scroll","background-type":"","background-media":"","overlay-type":"","overlay-color":"","overlay-opacity":"","overlay-gradient":""},"mobile":{"background-color":"","background-image":"","background-repeat":"repeat","background-position":"center center","background-size":"auto","background-attachment":"scroll","background-type":"","background-media":"","overlay-type":"","overlay-color":"","overlay-opacity":"","overlay-gradient":""}},"ast-content-background-meta":{"desktop":{"background-color":"var(--ast-global-color-4)","background-image":"","background-repeat":"repeat","background-position":"center center","background-size":"auto","background-attachment":"scroll","background-type":"","background-media":"","overlay-type":"","overlay-color":"","overlay-opacity":"","overlay-gradient":""},"tablet":{"background-color":"var(--ast-global-color-4)","background-image":"","background-repeat":"repeat","background-position":"center center","background-size":"auto","background-attachment":"scroll","background-type":"","background-media":"","overlay-type":"","overlay-color":"","overlay-opacity":"","overlay-gradient":""},"mobile":{"background-color":"var(--ast-global-color-4)","background-image":"","background-repeat":"repeat","background-position":"center center","background-size":"auto","background-attachment":"scroll","background-type":"","background-media":"","overlay-type":"","overlay-color":"","overlay-opacity":"","overlay-gradient":""}},"footnotes":""},"class_list":["post-2864","page","type-page","status-publish","hentry"],"uagb_featured_image_src":{"full":false,"thumbnail":false,"medium":false,"medium_large":false,"large":false,"1536x1536":false,"2048x2048":false},"uagb_author_info":{"display_name":"Lyn Goltz","author_link":"https:\/\/krv-wesermarsch.de\/wordpress\/author\/lyngoltz\/"},"uagb_comment_info":0,"uagb_excerpt":"Am 17.02.2026 in Stollhamm und 19.02.2026 in Bettingb\u00fchren jeweils von 18:00 Uhr bis 21:30 Uhr findet die Trainerfortbildung &#8220;Bed\u00fcrfnisorientierter Reitunterricht [&hellip;]","_links":{"self":[{"href":"https:\/\/krv-wesermarsch.de\/wordpress\/wp-json\/wp\/v2\/pages\/2864","targetHints":{"allow":["GET"]}}],"collection":[{"href":"https:\/\/krv-wesermarsch.de\/wordpress\/wp-json\/wp\/v2\/pages"}],"about":[{"href":"https:\/\/krv-wesermarsch.de\/wordpress\/wp-json\/wp\/v2\/types\/page"}],"author":[{"embeddable":true,"href":"https:\/\/krv-wesermarsch.de\/wordpress\/wp-json\/wp\/v2\/users\/3"}],"replies":[{"embeddable":true,"href":"https:\/\/krv-wesermarsch.de\/wordpress\/wp-json\/wp\/v2\/comments?post=2864"}],"version-history":[{"count":3,"href":"https:\/\/krv-wesermarsch.de\/wordpress\/wp-json\/wp\/v2\/pages\/2864\/revisions"}],"predecessor-version":[{"id":2883,"href":"https:\/\/krv-wesermarsch.de\/wordpress\/wp-json\/wp\/v2\/pages\/2864\/revisions\/2883"}],"wp:attachment":[{"href":"https:\/\/krv-wesermarsch.de\/wordpress\/wp-json\/wp\/v2\/media?parent=2864"}],"curies":[{"name":"wp","href":"https:\/\/api.w.org\/{rel}","templated":true}]}}