{"id":2229,"date":"2023-03-06T21:24:09","date_gmt":"2023-03-06T20:24:09","guid":{"rendered":"https:\/\/krv-wesermarsch.de\/wordpress\/?page_id=2229"},"modified":"2026-01-18T22:04:37","modified_gmt":"2026-01-18T21:04:37","slug":"werner-trueper-gedaechnispokal","status":"publish","type":"page","link":"https:\/\/krv-wesermarsch.de\/wordpress\/werner-trueper-gedaechnispokal\/","title":{"rendered":"Werner Tr\u00fcper Ged\u00e4chnispokal"},"content":{"rendered":"\n<p>Nach dem Tod von Werner Tr\u00fcper am 17. Mai 2022 waren sich der Reiterverband Oldenburg und der Kreisreiterverband Wesermarsch einig, dass das Andenken an Werner erhalten bleiben muss. Insgesamt 48 Jahre war Werner f\u00fcr den Kreisreiterverband ehrenamtlich t\u00e4tig, zuletzt war er 1. Vorsitzender von 1988 bis 2021. 2021 wurde er zum Ehrenmitglied ernannt. Beim Reiterverband Oldenburg bekleidete er von 2003 bis 2009 das Amt des 2. Vorsitzenden.&nbsp;<\/p>\n\n\n\n<p>Ausgezeichnet f\u00fcr sein Engagement wurde er auch vom Pferdesportverband Weser-Ems mit der silbernen Ehrennadel.&nbsp;<\/p>\n\n\n\n<p>Werners gro\u00dfe Leidenschaft war die Mannschaftsreiterei, so dass der Reiterverband Oldenburg entschied, einen Ged\u00e4chtnispokal im Wert von 100 \u20ac zu stiften, mit dem die beste Mannschaft des Jahres ausgezeichnet wird. Der Wanderpokal ist zudem mit 100 \u20ac dotiert, die von 2023 bis 2025 vom Reiterverband Oldenburg&nbsp; \u00fcbernommen werden. F\u00fcr 2026 und 2027 \u00fcbernimmt Susanne Osterloh, langj\u00e4hrige Mitstreiterin von Werner als 2. Vorsitzende, die Finanzierung. Um die weitere Finanzierung wird sich der Kreisreiterverband bem\u00fchen.&nbsp;<\/p>\n\n\n\n<p>Wir freuen uns, im Jahr 2023 erstmals den Werner Tr\u00fcper Ged\u00e4chtnispokal \u00fcberreichen zu k\u00f6nnen. Der Preis wird der K\u00fcr-Dressur-Mannschaft aus der Wesermarsch verliehen, die in Rastede am besten abschneidet.&nbsp;<\/p>\n\n\n\n<h3 class=\"wp-block-heading\">Preistr\u00e4ger<\/h3>\n\n\n\n<h2 class=\"wp-block-heading\">2025<\/h2>\n\n\n\n<div class=\"wp-block-media-text is-stacked-on-mobile\"><figure class=\"wp-block-media-text__media\"><img loading=\"lazy\" decoding=\"async\" width=\"1024\" height=\"1024\" src=\"https:\/\/krv-wesermarsch.de\/wordpress\/wp-content\/uploads\/2026\/01\/WTP_2025-1024x1024.png\" alt=\"\" class=\"wp-image-2908 size-full\" srcset=\"https:\/\/kpsv-wesermarsch.de\/wordpress\/wp-content\/uploads\/2026\/01\/WTP_2025-1024x1024.png 1024w, https:\/\/kpsv-wesermarsch.de\/wordpress\/wp-content\/uploads\/2026\/01\/WTP_2025-300x300.png 300w, https:\/\/kpsv-wesermarsch.de\/wordpress\/wp-content\/uploads\/2026\/01\/WTP_2025-150x150.png 150w, https:\/\/kpsv-wesermarsch.de\/wordpress\/wp-content\/uploads\/2026\/01\/WTP_2025-768x768.png 768w, https:\/\/kpsv-wesermarsch.de\/wordpress\/wp-content\/uploads\/2026\/01\/WTP_2025.png 1198w\" sizes=\"auto, (max-width: 1024px) 100vw, 1024px\" \/><\/figure><div class=\"wp-block-media-text__content\">\n<p>A-Mannschaft des Reitverein Ovelg\u00f6nne mit der Mannschaftsf\u00fchrerin Katrin M\u00fcller und den Reitern <\/p>\n\n\n\n<ul class=\"wp-block-list\">\n<li>Helena Ahting (Rumpelstilzchen)<\/li>\n\n\n\n<li>Femke Korpis (Balero)<\/li>\n\n\n\n<li>Aukje Poelman (Doortje E.D.)<\/li>\n\n\n\n<li>Nienke Haase (Spencer)<\/li>\n<\/ul>\n<\/div><\/div>\n\n\n\n<h2 class=\"wp-block-heading\">2024<\/h2>\n\n\n\n<div class=\"wp-block-media-text is-stacked-on-mobile\"><figure class=\"wp-block-media-text__media\"><img loading=\"lazy\" decoding=\"async\" width=\"683\" height=\"1024\" src=\"https:\/\/krv-wesermarsch.de\/wordpress\/wp-content\/uploads\/2026\/01\/WTP_2024-683x1024.jpg\" alt=\"\" class=\"wp-image-2907 size-full\" srcset=\"https:\/\/kpsv-wesermarsch.de\/wordpress\/wp-content\/uploads\/2026\/01\/WTP_2024-683x1024.jpg 683w, https:\/\/kpsv-wesermarsch.de\/wordpress\/wp-content\/uploads\/2026\/01\/WTP_2024-200x300.jpg 200w, https:\/\/kpsv-wesermarsch.de\/wordpress\/wp-content\/uploads\/2026\/01\/WTP_2024-768x1152.jpg 768w, https:\/\/kpsv-wesermarsch.de\/wordpress\/wp-content\/uploads\/2026\/01\/WTP_2024-1024x1536.jpg 1024w, https:\/\/kpsv-wesermarsch.de\/wordpress\/wp-content\/uploads\/2026\/01\/WTP_2024-1366x2048.jpg 1366w, https:\/\/kpsv-wesermarsch.de\/wordpress\/wp-content\/uploads\/2026\/01\/WTP_2024-scaled.jpg 1707w\" sizes=\"auto, (max-width: 683px) 100vw, 683px\" \/><\/figure><div class=\"wp-block-media-text__content\">\n<p>A-Mannschaft des Reitverein Stolllham mit der Mannschaftsf\u00fchrerin Mareike Bolloff und den Reitern<\/p>\n\n\n\n<ul class=\"wp-block-list\">\n<li>Pia Sophie Halle (Frascatina)<\/li>\n\n\n\n<li>Angela Kappmeier (Sweet Heidi)<\/li>\n\n\n\n<li>Caroline Mette (Ballkrone)<\/li>\n\n\n\n<li>Ines Conrady (Rangitoto)<\/li>\n<\/ul>\n\n\n\n<p><\/p>\n<\/div><\/div>\n\n\n\n<h2 class=\"wp-block-heading\">2023<\/h2>\n\n\n\n<div class=\"wp-block-media-text is-stacked-on-mobile is-vertically-aligned-center\" style=\"grid-template-columns:53% auto\"><figure class=\"wp-block-media-text__media\"><img loading=\"lazy\" decoding=\"async\" width=\"1024\" height=\"768\" src=\"https:\/\/krv-wesermarsch.de\/wordpress\/wp-content\/uploads\/2023\/07\/Mannschaft-Ovelgoenne-Rastede-1024x768.jpg\" alt=\"\" class=\"wp-image-2316 size-full\" srcset=\"https:\/\/kpsv-wesermarsch.de\/wordpress\/wp-content\/uploads\/2023\/07\/Mannschaft-Ovelgoenne-Rastede-1024x768.jpg 1024w, https:\/\/kpsv-wesermarsch.de\/wordpress\/wp-content\/uploads\/2023\/07\/Mannschaft-Ovelgoenne-Rastede-300x225.jpg 300w, https:\/\/kpsv-wesermarsch.de\/wordpress\/wp-content\/uploads\/2023\/07\/Mannschaft-Ovelgoenne-Rastede-768x576.jpg 768w, https:\/\/kpsv-wesermarsch.de\/wordpress\/wp-content\/uploads\/2023\/07\/Mannschaft-Ovelgoenne-Rastede-1536x1152.jpg 1536w, https:\/\/kpsv-wesermarsch.de\/wordpress\/wp-content\/uploads\/2023\/07\/Mannschaft-Ovelgoenne-Rastede-1200x900.jpg 1200w, https:\/\/kpsv-wesermarsch.de\/wordpress\/wp-content\/uploads\/2023\/07\/Mannschaft-Ovelgoenne-Rastede.jpg 2048w\" sizes=\"auto, (max-width: 1024px) 100vw, 1024px\" \/><\/figure><div class=\"wp-block-media-text__content\">\n<p>A-Mannschaft des Reitverein Ovelg\u00f6nne mit der Mannschaftsf\u00fchrerin Katrin M\u00fcller und den Reitern <\/p>\n\n\n\n<ul class=\"wp-block-list\">\n<li>Cyra Bruns (Face Time)<\/li>\n\n\n\n<li>Giannina Mammone (Cafe Noir)<\/li>\n\n\n\n<li>Eske Poelmann (Rumpelstilzchen)<\/li>\n\n\n\n<li>Aukje Poelmann (Donna Dorina) <\/li>\n<\/ul>\n<\/div><\/div>\n","protected":false},"excerpt":{"rendered":"<p>Nach dem Tod von Werner Tr\u00fcper am 17. Mai 2022 waren sich der Reiterverband Oldenburg und der Kreisreiterverband Wesermarsch einig, [&hellip;]<\/p>\n","protected":false},"author":3,"featured_media":0,"parent":0,"menu_order":0,"comment_status":"closed","ping_status":"closed","template":"","meta":{"_uag_custom_page_level_css":"","site-sidebar-layout":"default","site-content-layout":"","ast-site-content-layout":"default","site-content-style":"default","site-sidebar-style":"default","ast-global-header-display":"","ast-banner-title-visibility":"","ast-main-header-display":"","ast-hfb-above-header-display":"","ast-hfb-below-header-display":"","ast-hfb-mobile-header-display":"","site-post-title":"","ast-breadcrumbs-content":"","ast-featured-img":"","footer-sml-layout":"","theme-transparent-header-meta":"","adv-header-id-meta":"","stick-header-meta":"","header-above-stick-meta":"","header-main-stick-meta":"","header-below-stick-meta":"","astra-migrate-meta-layouts":"default","ast-page-background-enabled":"default","ast-page-background-meta":{"desktop":{"background-color":"var(--ast-global-color-5)","background-image":"","background-repeat":"repeat","background-position":"center center","background-size":"auto","background-attachment":"scroll","background-type":"","background-media":"","overlay-type":"","overlay-color":"","overlay-opacity":"","overlay-gradient":""},"tablet":{"background-color":"","background-image":"","background-repeat":"repeat","background-position":"center center","background-size":"auto","background-attachment":"scroll","background-type":"","background-media":"","overlay-type":"","overlay-color":"","overlay-opacity":"","overlay-gradient":""},"mobile":{"background-color":"","background-image":"","background-repeat":"repeat","background-position":"center center","background-size":"auto","background-attachment":"scroll","background-type":"","background-media":"","overlay-type":"","overlay-color":"","overlay-opacity":"","overlay-gradient":""}},"ast-content-background-meta":{"desktop":{"background-color":"var(--ast-global-color-4)","background-image":"","background-repeat":"repeat","background-position":"center center","background-size":"auto","background-attachment":"scroll","background-type":"","background-media":"","overlay-type":"","overlay-color":"","overlay-opacity":"","overlay-gradient":""},"tablet":{"background-color":"var(--ast-global-color-4)","background-image":"","background-repeat":"repeat","background-position":"center center","background-size":"auto","background-attachment":"scroll","background-type":"","background-media":"","overlay-type":"","overlay-color":"","overlay-opacity":"","overlay-gradient":""},"mobile":{"background-color":"var(--ast-global-color-4)","background-image":"","background-repeat":"repeat","background-position":"center center","background-size":"auto","background-attachment":"scroll","background-type":"","background-media":"","overlay-type":"","overlay-color":"","overlay-opacity":"","overlay-gradient":""}},"footnotes":""},"class_list":["post-2229","page","type-page","status-publish","hentry"],"uagb_featured_image_src":{"full":false,"thumbnail":false,"medium":false,"medium_large":false,"large":false,"1536x1536":false,"2048x2048":false},"uagb_author_info":{"display_name":"Lyn Goltz","author_link":"https:\/\/krv-wesermarsch.de\/wordpress\/author\/lyngoltz\/"},"uagb_comment_info":0,"uagb_excerpt":"Nach dem Tod von Werner Tr\u00fcper am 17. Mai 2022 waren sich der Reiterverband Oldenburg und der Kreisreiterverband Wesermarsch einig, [&hellip;]","_links":{"self":[{"href":"https:\/\/krv-wesermarsch.de\/wordpress\/wp-json\/wp\/v2\/pages\/2229","targetHints":{"allow":["GET"]}}],"collection":[{"href":"https:\/\/krv-wesermarsch.de\/wordpress\/wp-json\/wp\/v2\/pages"}],"about":[{"href":"https:\/\/krv-wesermarsch.de\/wordpress\/wp-json\/wp\/v2\/types\/page"}],"author":[{"embeddable":true,"href":"https:\/\/krv-wesermarsch.de\/wordpress\/wp-json\/wp\/v2\/users\/3"}],"replies":[{"embeddable":true,"href":"https:\/\/krv-wesermarsch.de\/wordpress\/wp-json\/wp\/v2\/comments?post=2229"}],"version-history":[{"count":4,"href":"https:\/\/krv-wesermarsch.de\/wordpress\/wp-json\/wp\/v2\/pages\/2229\/revisions"}],"predecessor-version":[{"id":2909,"href":"https:\/\/krv-wesermarsch.de\/wordpress\/wp-json\/wp\/v2\/pages\/2229\/revisions\/2909"}],"wp:attachment":[{"href":"https:\/\/krv-wesermarsch.de\/wordpress\/wp-json\/wp\/v2\/media?parent=2229"}],"curies":[{"name":"wp","href":"https:\/\/api.w.org\/{rel}","templated":true}]}}

Werner Trüper Gedächnispokal

<p>Nach dem Tod von Werner Trüper am 17. Mai 2022 waren sich der Reiterverband Oldenburg und der Kreisreiterverband Wesermarsch einig, dass das Andenken an Werner erhalten bleiben muss. Insgesamt 48 Jahre war Werner für den Kreisreiterverband ehrenamtlich tätig, zuletzt war er 1. Vorsitzender von 1988 bis 2021. 2021 wurde er zum Ehrenmitglied ernannt. Beim Reiterverband Oldenburg bekleidete er von 2003 bis 2009 das Amt des 2. Vorsitzenden.&nbsp;</p>



<p>Ausgezeichnet für sein Engagement wurde er auch vom Pferdesportverband Weser-Ems mit der silbernen Ehrennadel.&nbsp;</p>



<p>Werners große Leidenschaft war die Mannschaftsreiterei, so dass der Reiterverband Oldenburg entschied, einen Gedächtnispokal im Wert von 100 € zu stiften, mit dem die beste Mannschaft des Jahres ausgezeichnet wird. Der Wanderpokal ist zudem mit 100 € dotiert, die von 2023 bis 2025 vom Reiterverband Oldenburg&nbsp; übernommen werden. Für 2026 und 2027 übernimmt Susanne Osterloh, langjährige Mitstreiterin von Werner als 2. Vorsitzende, die Finanzierung. Um die weitere Finanzierung wird sich der Kreisreiterverband bemühen.&nbsp;</p>



<p>Wir freuen uns, im Jahr 2023 erstmals den Werner Trüper Gedächtnispokal überreichen zu können. Der Preis wird der Kür-Dressur-Mannschaft aus der Wesermarsch verliehen, die in Rastede am besten abschneidet.&nbsp;</p>



<h3 class="wp-block-heading">Preisträger</h3>



<h2 class="wp-block-heading">2025</h2>



<div class="wp-block-media-text is-stacked-on-mobile"><figure class="wp-block-media-text__media"><img loading="lazy" decoding="async" width="1024" height="1024" src="https://krv-wesermarsch.de/wordpress/wp-content/uploads/2026/01/WTP_2025-1024x1024.png" alt="" class="wp-image-2908 size-full" srcset="https://kpsv-wesermarsch.de/wordpress/wp-content/uploads/2026/01/WTP_2025-1024x1024.png 1024w, https://kpsv-wesermarsch.de/wordpress/wp-content/uploads/2026/01/WTP_2025-300x300.png 300w, https://kpsv-wesermarsch.de/wordpress/wp-content/uploads/2026/01/WTP_2025-150x150.png 150w, https://kpsv-wesermarsch.de/wordpress/wp-content/uploads/2026/01/WTP_2025-768x768.png 768w, https://kpsv-wesermarsch.de/wordpress/wp-content/uploads/2026/01/WTP_2025.png 1198w" sizes="auto, (max-width: 1024px) 100vw, 1024px" /></figure><div class="wp-block-media-text__content">
<p>A-Mannschaft des Reitverein Ovelgönne mit der Mannschaftsführerin Katrin Müller und den Reitern </p>



<ul class="wp-block-list">
<li>Helena Ahting (Rumpelstilzchen)</li>



<li>Femke Korpis (Balero)</li>



<li>Aukje Poelman (Doortje E.D.)</li>



<li>Nienke Haase (Spencer)</li>
</ul>
</div></div>



<h2 class="wp-block-heading">2024</h2>



<div class="wp-block-media-text is-stacked-on-mobile"><figure class="wp-block-media-text__media"><img loading="lazy" decoding="async" width="683" height="1024" src="https://krv-wesermarsch.de/wordpress/wp-content/uploads/2026/01/WTP_2024-683x1024.jpg" alt="" class="wp-image-2907 size-full" srcset="https://kpsv-wesermarsch.de/wordpress/wp-content/uploads/2026/01/WTP_2024-683x1024.jpg 683w, https://kpsv-wesermarsch.de/wordpress/wp-content/uploads/2026/01/WTP_2024-200x300.jpg 200w, https://kpsv-wesermarsch.de/wordpress/wp-content/uploads/2026/01/WTP_2024-768x1152.jpg 768w, https://kpsv-wesermarsch.de/wordpress/wp-content/uploads/2026/01/WTP_2024-1024x1536.jpg 1024w, https://kpsv-wesermarsch.de/wordpress/wp-content/uploads/2026/01/WTP_2024-1366x2048.jpg 1366w, https://kpsv-wesermarsch.de/wordpress/wp-content/uploads/2026/01/WTP_2024-scaled.jpg 1707w" sizes="auto, (max-width: 683px) 100vw, 683px" /></figure><div class="wp-block-media-text__content">
<p>A-Mannschaft des Reitverein Stolllham mit der Mannschaftsführerin Mareike Bolloff und den Reitern</p>



<ul class="wp-block-list">
<li>Pia Sophie Halle (Frascatina)</li>



<li>Angela Kappmeier (Sweet Heidi)</li>



<li>Caroline Mette (Ballkrone)</li>



<li>Ines Conrady (Rangitoto)</li>
</ul>



<p></p>
</div></div>



<h2 class="wp-block-heading">2023</h2>



<div class="wp-block-media-text is-stacked-on-mobile is-vertically-aligned-center" style="grid-template-columns:53% auto"><figure class="wp-block-media-text__media"><img loading="lazy" decoding="async" width="1024" height="768" src="https://krv-wesermarsch.de/wordpress/wp-content/uploads/2023/07/Mannschaft-Ovelgoenne-Rastede-1024x768.jpg" alt="" class="wp-image-2316 size-full" srcset="https://kpsv-wesermarsch.de/wordpress/wp-content/uploads/2023/07/Mannschaft-Ovelgoenne-Rastede-1024x768.jpg 1024w, https://kpsv-wesermarsch.de/wordpress/wp-content/uploads/2023/07/Mannschaft-Ovelgoenne-Rastede-300x225.jpg 300w, https://kpsv-wesermarsch.de/wordpress/wp-content/uploads/2023/07/Mannschaft-Ovelgoenne-Rastede-768x576.jpg 768w, https://kpsv-wesermarsch.de/wordpress/wp-content/uploads/2023/07/Mannschaft-Ovelgoenne-Rastede-1536x1152.jpg 1536w, https://kpsv-wesermarsch.de/wordpress/wp-content/uploads/2023/07/Mannschaft-Ovelgoenne-Rastede-1200x900.jpg 1200w, https://kpsv-wesermarsch.de/wordpress/wp-content/uploads/2023/07/Mannschaft-Ovelgoenne-Rastede.jpg 2048w" sizes="auto, (max-width: 1024px) 100vw, 1024px" /></figure><div class="wp-block-media-text__content">
<p>A-Mannschaft des Reitverein Ovelgönne mit der Mannschaftsführerin Katrin Müller und den Reitern </p>



<ul class="wp-block-list">
<li>Cyra Bruns (Face Time)</li>



<li>Giannina Mammone (Cafe Noir)</li>



<li>Eske Poelmann (Rumpelstilzchen)</li>



<li>Aukje Poelmann (Donna Dorina) </li>
</ul>
</div></div>

<p>Nach dem Tod von Werner Trüper am 17. Mai 2022 waren sich der Reiterverband Oldenburg und der Kreisreiterverband Wesermarsch einig, [&hellip;]</p>

Nach dem Tod von Werner Trüper am 17. Mai 2022 waren sich der Reiterverband Oldenburg und der Kreisreiterverband Wesermarsch einig, [&hellip;]
