{"id":2203,"date":"2023-02-25T21:43:10","date_gmt":"2023-02-25T20:43:10","guid":{"rendered":"https:\/\/krv-wesermarsch.de\/wordpress\/?page_id=2203"},"modified":"2023-10-03T12:34:59","modified_gmt":"2023-10-03T10:34:59","slug":"kreismeisterschaft-2023","status":"publish","type":"page","link":"https:\/\/krv-wesermarsch.de\/wordpress\/kreismeisterschaft-2023\/","title":{"rendered":"Kreismeisterschaft 2023"},"content":{"rendered":"\n<p>In diesem Jahr konnten folgende Reiter\/Mannschaften den Kreismeistertitel gewinnen:<\/p>\n\n\n\n<h3 class=\"wp-block-heading\">Dressur Kl. L<\/h3>\n\n\n\n<div class=\"wp-block-media-text alignwide is-stacked-on-mobile\"><figure class=\"wp-block-media-text__media\"><img loading=\"lazy\" decoding=\"async\" width=\"640\" height=\"405\" src=\"https:\/\/krv-wesermarsch.de\/wordpress\/wp-content\/uploads\/2023\/07\/IMG-20230715-WA0032.jpg\" alt=\"\" class=\"wp-image-2305 size-full\" srcset=\"https:\/\/kpsv-wesermarsch.de\/wordpress\/wp-content\/uploads\/2023\/07\/IMG-20230715-WA0032.jpg 640w, https:\/\/kpsv-wesermarsch.de\/wordpress\/wp-content\/uploads\/2023\/07\/IMG-20230715-WA0032-300x190.jpg 300w\" sizes=\"auto, (max-width: 640px) 100vw, 640px\" \/><\/figure><div class=\"wp-block-media-text__content\">\n<ol class=\"wp-block-list\">\n<li>Rabea Feldhusen auf Lukas, Nordenhamer Reitclub<\/li>\n\n\n\n<li>Sandra Geisler auf San Amour, Butjadinger Reiterverein Stollhamm<\/li>\n\n\n\n<li>Lina Tr\u00fcper auf Scalato, Nordenhamer Reitclub<\/li>\n<\/ol>\n<\/div><\/div>\n\n\n\n<h3 class=\"wp-block-heading\">Dressur Kl. A<\/h3>\n\n\n\n<div class=\"wp-block-media-text alignwide is-stacked-on-mobile\"><figure class=\"wp-block-media-text__media\"><img loading=\"lazy\" decoding=\"async\" width=\"640\" height=\"419\" src=\"https:\/\/krv-wesermarsch.de\/wordpress\/wp-content\/uploads\/2023\/07\/IMG-20230715-WA0028.jpg\" alt=\"\" class=\"wp-image-2306 size-full\" srcset=\"https:\/\/kpsv-wesermarsch.de\/wordpress\/wp-content\/uploads\/2023\/07\/IMG-20230715-WA0028.jpg 640w, https:\/\/kpsv-wesermarsch.de\/wordpress\/wp-content\/uploads\/2023\/07\/IMG-20230715-WA0028-300x196.jpg 300w\" sizes=\"auto, (max-width: 640px) 100vw, 640px\" \/><\/figure><div class=\"wp-block-media-text__content\">\n<ol class=\"wp-block-list\">\n<li>Sophie M\u00fcller auf Fernando, RuFV Rodenkirchen<\/li>\n\n\n\n<li>Pia Sophie Halle auf Bravour, Butjadinger Reiterverein Stollhamm<\/li>\n\n\n\n<li>Cyra Bruns auf Face Time, Reitverein Ovekg\u00f6nne<\/li>\n<\/ol>\n<\/div><\/div>\n\n\n\n<h3 class=\"wp-block-heading\">Dressurmannschaft Kl. A<\/h3>\n\n\n\n<div class=\"wp-block-media-text alignwide is-stacked-on-mobile\"><figure class=\"wp-block-media-text__media\"><img loading=\"lazy\" decoding=\"async\" width=\"640\" height=\"393\" src=\"https:\/\/krv-wesermarsch.de\/wordpress\/wp-content\/uploads\/2023\/07\/IMG-20230715-WA0021.jpg\" alt=\"\" class=\"wp-image-2308 size-full\" srcset=\"https:\/\/kpsv-wesermarsch.de\/wordpress\/wp-content\/uploads\/2023\/07\/IMG-20230715-WA0021.jpg 640w, https:\/\/kpsv-wesermarsch.de\/wordpress\/wp-content\/uploads\/2023\/07\/IMG-20230715-WA0021-300x184.jpg 300w\" sizes=\"auto, (max-width: 640px) 100vw, 640px\" \/><\/figure><div class=\"wp-block-media-text__content\">\n<ol class=\"wp-block-list\">\n<li>Reitverein Ovelg\u00f6nne<\/li>\n\n\n\n<li>Butjadinger Reiterverein Stollhamm<\/li>\n\n\n\n<li>Reitverein Ovelg\u00f6nne<\/li>\n<\/ol>\n<\/div><\/div>\n\n\n\n<h3 class=\"wp-block-heading\">Springen Kl. A<\/h3>\n\n\n\n<div class=\"wp-block-media-text alignwide is-stacked-on-mobile\"><figure class=\"wp-block-media-text__media\"><img loading=\"lazy\" decoding=\"async\" width=\"1024\" height=\"683\" src=\"https:\/\/krv-wesermarsch.de\/wordpress\/wp-content\/uploads\/2023\/07\/20230716142311_IMG_2373-1024x683.jpg\" alt=\"\" class=\"wp-image-2309 size-full\" srcset=\"https:\/\/kpsv-wesermarsch.de\/wordpress\/wp-content\/uploads\/2023\/07\/20230716142311_IMG_2373-1024x683.jpg 1024w, https:\/\/kpsv-wesermarsch.de\/wordpress\/wp-content\/uploads\/2023\/07\/20230716142311_IMG_2373-300x200.jpg 300w, https:\/\/kpsv-wesermarsch.de\/wordpress\/wp-content\/uploads\/2023\/07\/20230716142311_IMG_2373-768x512.jpg 768w, https:\/\/kpsv-wesermarsch.de\/wordpress\/wp-content\/uploads\/2023\/07\/20230716142311_IMG_2373-1536x1024.jpg 1536w, https:\/\/kpsv-wesermarsch.de\/wordpress\/wp-content\/uploads\/2023\/07\/20230716142311_IMG_2373-2048x1365.jpg 2048w, https:\/\/kpsv-wesermarsch.de\/wordpress\/wp-content\/uploads\/2023\/07\/20230716142311_IMG_2373-1200x800.jpg 1200w\" sizes=\"auto, (max-width: 1024px) 100vw, 1024px\" \/><\/figure><div class=\"wp-block-media-text__content\">\n<ol class=\"wp-block-list\">\n<li>Giannina Mammone auf Cafe Noir, Reitverein Ovelg\u00f6nne<\/li>\n\n\n\n<li>Lara Marie Hellmers auf Cypex, Jader Reitclub<\/li>\n\n\n\n<li>Tomke von Waaden auf Duke of De Fantastic, Jader Reitclub<\/li>\n<\/ol>\n<\/div><\/div>\n\n\n\n<h3 class=\"wp-block-heading\">Springmannschaft Kl. A<\/h3>\n\n\n\n<div class=\"wp-block-media-text alignwide is-stacked-on-mobile\"><figure class=\"wp-block-media-text__media\"><img loading=\"lazy\" decoding=\"async\" width=\"1024\" height=\"683\" src=\"https:\/\/krv-wesermarsch.de\/wordpress\/wp-content\/uploads\/2023\/07\/20230716142716_IMG_2382-1024x683.jpg\" alt=\"\" class=\"wp-image-2310 size-full\" srcset=\"https:\/\/kpsv-wesermarsch.de\/wordpress\/wp-content\/uploads\/2023\/07\/20230716142716_IMG_2382-1024x683.jpg 1024w, https:\/\/kpsv-wesermarsch.de\/wordpress\/wp-content\/uploads\/2023\/07\/20230716142716_IMG_2382-300x200.jpg 300w, https:\/\/kpsv-wesermarsch.de\/wordpress\/wp-content\/uploads\/2023\/07\/20230716142716_IMG_2382-768x512.jpg 768w, https:\/\/kpsv-wesermarsch.de\/wordpress\/wp-content\/uploads\/2023\/07\/20230716142716_IMG_2382-1536x1024.jpg 1536w, https:\/\/kpsv-wesermarsch.de\/wordpress\/wp-content\/uploads\/2023\/07\/20230716142716_IMG_2382-2048x1365.jpg 2048w, https:\/\/kpsv-wesermarsch.de\/wordpress\/wp-content\/uploads\/2023\/07\/20230716142716_IMG_2382-1200x800.jpg 1200w\" sizes=\"auto, (max-width: 1024px) 100vw, 1024px\" \/><\/figure><div class=\"wp-block-media-text__content\">\n<ol class=\"wp-block-list\">\n<li>Sturmvogel Berne\/Nordenhamer Reitclub<\/li>\n\n\n\n<li>Reitverein Ovelg\u00f6nne\/Jader Reitclub<\/li>\n\n\n\n<li>Reitverein Ovelg\u00f6nne<\/li>\n<\/ol>\n<\/div><\/div>\n\n\n\n<h2 class=\"wp-block-heading\">Kombinierte Kl. E<\/h2>\n\n\n\n<ol class=\"wp-block-list\">\n<div class=\"wp-block-media-text alignwide is-stacked-on-mobile\" style=\"grid-template-columns:49% auto\"><figure class=\"wp-block-media-text__media\"><img loading=\"lazy\" decoding=\"async\" width=\"959\" height=\"606\" src=\"https:\/\/krv-wesermarsch.de\/wordpress\/wp-content\/uploads\/2023\/10\/E-Kombi-KM2023-3.jpg\" alt=\"\" class=\"wp-image-2332 size-full\" srcset=\"https:\/\/kpsv-wesermarsch.de\/wordpress\/wp-content\/uploads\/2023\/10\/E-Kombi-KM2023-3.jpg 959w, https:\/\/kpsv-wesermarsch.de\/wordpress\/wp-content\/uploads\/2023\/10\/E-Kombi-KM2023-3-300x190.jpg 300w, https:\/\/kpsv-wesermarsch.de\/wordpress\/wp-content\/uploads\/2023\/10\/E-Kombi-KM2023-3-768x485.jpg 768w\" sizes=\"auto, (max-width: 959px) 100vw, 959px\" \/><\/figure><div class=\"wp-block-media-text__content\">\n<ol class=\"wp-block-list\">\n<li>Helena Athing auf Rumpelstilzchen, RV Ovelg\u00f6nne<\/li>\n\n\n\n<li>Jolina Lundi auf Savina, RV Ovelg\u00f6nne<\/li>\n\n\n\n<li>Lena Quint auf Walentina und Jonna Marie Henschel auf Tony, RV Bettingb\u00fchren<\/li>\n<\/ol>\n<\/div><\/div>\n<\/ol>\n\n\n\n<h2 class=\"wp-block-heading\">Dressurmannschaft K. E<\/h2>\n\n\n\n<ol class=\"wp-block-list\">\n<div class=\"wp-block-media-text alignwide is-stacked-on-mobile\"><figure class=\"wp-block-media-text__media\"><img loading=\"lazy\" decoding=\"async\" width=\"1024\" height=\"969\" src=\"https:\/\/krv-wesermarsch.de\/wordpress\/wp-content\/uploads\/2023\/10\/E-Mannschaft-KM2023-1-1024x969.jpg\" alt=\"\" class=\"wp-image-2334 size-full\" srcset=\"https:\/\/kpsv-wesermarsch.de\/wordpress\/wp-content\/uploads\/2023\/10\/E-Mannschaft-KM2023-1-1024x969.jpg 1024w, https:\/\/kpsv-wesermarsch.de\/wordpress\/wp-content\/uploads\/2023\/10\/E-Mannschaft-KM2023-1-300x284.jpg 300w, https:\/\/kpsv-wesermarsch.de\/wordpress\/wp-content\/uploads\/2023\/10\/E-Mannschaft-KM2023-1-768x727.jpg 768w, https:\/\/kpsv-wesermarsch.de\/wordpress\/wp-content\/uploads\/2023\/10\/E-Mannschaft-KM2023-1-1536x1454.jpg 1536w, https:\/\/kpsv-wesermarsch.de\/wordpress\/wp-content\/uploads\/2023\/10\/E-Mannschaft-KM2023-1-1200x1136.jpg 1200w, https:\/\/kpsv-wesermarsch.de\/wordpress\/wp-content\/uploads\/2023\/10\/E-Mannschaft-KM2023-1.jpg 2048w\" sizes=\"auto, (max-width: 1024px) 100vw, 1024px\" \/><\/figure><div class=\"wp-block-media-text__content\">\n<ol class=\"wp-block-list\">\n<li>Reitverein Ovelg\u00f6nne<\/li>\n\n\n\n<li>Reitverein Bettingb\u00fchren<\/li>\n\n\n\n<li>Jader Reitclub<\/li>\n<\/ol>\n<\/div><\/div>\n<\/ol>\n\n\n\n<h3 class=\"wp-block-heading\">Bedingungen<\/h3>\n\n\n\n<figure class=\"wp-block-table\"><table><tbody><tr><td><strong>KM-Wertung <\/strong><\/td><td><strong>LK<\/strong><\/td><td><strong>Pferde <\/strong><\/td><td><strong>1. Quali<\/strong><\/td><td><strong>2. Quali<\/strong><\/td><td><strong>Finale<\/strong><\/td><\/tr><tr><td>Kombinierte<br>Tour (WBO)<br><br><\/td><td>6+7+0 (Alter ab 8 Jahre)<\/td><td>4j.+\u00e4lt.<\/td><td>Stilspring-WB<br>(max. 60 cm)<br>und<br>Dressur-WB<\/td><td>Stilspring-WB<br>(max. 60 cm)<br>und<br>Dressur-WB<\/td><td>Stilspring-WB<br>(max. 60 cm)<br>und<br>Dressur-WB<\/td><\/tr><tr><td>Kleine Tour<br>Dressur <\/td><td>5+6<\/td><td>4j.+\u00e4lt.<\/td><td>A*<em>&#8211;<\/em>Dressur<\/td><td>A*<em>&#8211;<\/em>Dressur<\/td><td>A**-Dressur<\/td><\/tr><tr><td>Gro\u00dfe Tour<br>Dressur<\/td><td>3+4<\/td><td>5j.+\u00e4lt.<\/td><td>L*<em>&#8211;<\/em>Trense<\/td><td>L*<em>&#8211;<\/em>Trense<\/td><td>L*-Kandare<\/td><\/tr><tr><td>Kleine Tour<br>Springen<\/td><td>5+6<\/td><td>5j.+\u00e4lt.<\/td><td>A*<em>&#8211;<\/em>Stil-Springen<\/td><td>A*<em>&#8211;<\/em>Stil-Springen<\/td><td>A**-Springen<\/td><\/tr><tr><td>Gro\u00dfe Tour<br>Springen <\/td><td>3+4<\/td><td>6j.+\u00e4lt.<\/td><td>L-Stil-Springen<\/td><td>L-Stil-Springen<\/td><td>L-Springen<\/td><\/tr><tr><td>Mannschaft<br>Dressur WBO<\/td><td>6+7+0 (Alter ab 6<br>Jahren), max. 2 Vereine<\/td><td>5j.+\u00e4lt.<\/td><td><s>Dressur WB<br>Aufgabe<\/s> entf\u00e4llt<\/td><td>entf\u00e4llt<\/td><td>Dressur WB<br>Aufgabe<\/td><\/tr><tr><td>Mannschaft<br>Dressur LPO<\/td><td>3-6, max. 2 Vereine<\/td><td>4j.+\u00e4lt.<\/td><td>A*-Dressur<br>Aufgabe<\/td><td>entf\u00e4llt<\/td><td>A*-Dressur<br>Aufgabe<\/td><\/tr><tr><td>Mannschaft<br>Springen LPO<\/td><td>3-6, max. 2 Vereine<\/td><td>5j.+\u00e4lt.<\/td><td>A*<em>&#8211;<\/em>Springen<\/td><td>entf\u00e4llt<\/td><td>A*<em>&#8211;<\/em>Springen<\/td><\/tr><\/tbody><\/table><\/figure>\n\n\n\n<ul class=\"wp-block-list\">\n<li>Es k\u00f6nnen zwei Pferde in den Qualis geritten werden. Im Finale wird nur das jeweils bessere Ergebnis gewertet.<\/li>\n\n\n\n<li>Der Teilnehmer muss zum Zeitpunkt der ersten Quali mindestens 6 Monate in einem Stammverein des Kreisreiterverbandes Mitglied sein. An der KM k\u00f6nnen ausschlie\u00dflich Reiter teilnehmen, die ihren Lebensunterhalt nicht mit dem Beritt und\/oder dem Verkauf von Pferden verdienen.<\/li>\n\n\n\n<li>Die Einzelreiter m\u00fcssen JE EINE Quali UND das Finale reiten. Werden beide Qualis geritten, werden die h\u00f6heren Punkte angerechnet. Die Mannschaftsreiter m\u00fcssen eine Quali UND das Finale reiten.<\/li>\n\n\n\n<li>Mannschaftswertung: Jeder Reiter darf nur in einer Mannschaft starten. Ausnahme: Teilnahme an einer A-Dressur- sowie A-Springmannschaft. Der Start in einer sowohl E-Dressurmannschaft als auch A-Dressurmannschaft ist nicht gestattet.<\/li>\n\n\n\n<li>Jedes Pferd darf nur in einer Mannschaft pro KM-Wertung starten.<\/li>\n\n\n\n<li>Eine Anmeldung ist nicht erforderlich. Wer die jeweiligen Anforderungen erf\u00fcllt, nimmt automatisch an der Kreismeisterschaft teil.<\/li>\n<\/ul>\n\n\n\n<h3 class=\"wp-block-heading\">Punkteberechnung<\/h3>\n\n\n\n<ul class=\"wp-block-list\">\n<li>Angemeldete Reiter je KM-Wertung +1\/-1Platz: 31 Punkte; 2. Platz: 29 Punkte; 3. Platz: 28 Punkte; 4. Platz: 27 Punkte; usw.<\/li>\n\n\n\n<li>1. und 2. Quali: 1-fache Punktevergabe\/ Finale 2-fache Punktevergabe<\/li>\n\n\n\n<li>Bei der Punktevergabe werden nur die f\u00fcr die KM angemeldeten Reiter des KRV Wesermarsch ber\u00fccksichtigt.<\/li>\n\n\n\n<li>Bei zwei Wesermarsch-Reitern auf dem gleichen Platz, erhalten beide Reiter die volle Punktanzahl f\u00fcr den erreichten Platz. Die Punkte f\u00fcr den nicht vergebenen darauffolgenden Platz entfallen.<\/li>\n\n\n\n<li>Scheidet ein Reiter aus, erh\u00e4lt keine Wertnote oder verzichtet, wird die Pr\u00fcfung mit 0 Punkten gewertet.<\/li>\n\n\n\n<li>Bei Punktegleichheit zweier Reiter, z\u00e4hlt das bessere Ergebnis des Finales.<\/li>\n<\/ul>\n\n\n\n<div style=\"height:10px\" aria-hidden=\"true\" class=\"wp-block-spacer\"><\/div>\n\n\n\n<p><strong>Damit eine Vergabe der jeweiligen KM erfolgt, m\u00fcssen folgende Voraussetzungen erf\u00fcllt sein, andernfalls entf\u00e4llt die jeweilige KM-Wertung in diesem Jahr: Es m\u00fcssen insgesamt 4 Einzelreiter das Finale geritten sein. Es m\u00fcssen mind. 3 Mannschaften das Finale geritten haben.<\/strong><\/p>\n\n\n\n<h2 class=\"wp-block-heading\">Qualifikationspr\u00fcfungen<\/h2>\n\n\n\n<figure class=\"wp-block-table\"><table><tbody><tr><td>Turnier<br>KM<\/td><td>Berne<br>18.-19.05.23<\/td><td>Ovelg\u00f6nne<br>02.-04.06.23<\/td><td>Jaderberg<br>09.-11.06.23<\/td><td>Tossens<br>08.-09.07.23<\/td><td>Nordenham<br>15.-16.07.23<\/td><td>Stollhamm<br>05.-06.08.23<\/td><td>Weser-West<br>26.-27.08.23<\/td><td>Bettingb\u00fchren<br>09.09.23<\/td><\/tr><tr><td>Kleine Tour<br>Dressur <\/td><td>Quali &#8211;<br>A*-Dressur<\/td><td>&#8211;<\/td><td>&#8211;<\/td><td>Quali &#8211;<br>A*-Dressur<\/td><td>Finale &#8211;<br>A**-Dressur<\/td><td>&#8211;<\/td><td>&#8211;<\/td><td>&#8211;<\/td><\/tr><tr><td>Gro\u00dfe Tour<br>Dressur<\/td><td>Quali &#8211; L*-<br>Trense<\/td><td>&#8211;<\/td><td>&#8211;<\/td><td>Quali &#8211; L*-<br>Trense<\/td><td>Finale &#8211;<br>L*-Kandare<\/td><td>&#8211;<\/td><td>&#8211;<\/td><td>&#8211;<\/td><\/tr><tr><td>Kleine Tour<br>Springen<\/td><td>Quali &#8211;<br>A*-Stil-Springen<\/td><td>&#8211;<\/td><td>Quali &#8211;<br>A*-Stil-Springen<\/td><td>&#8211;<\/td><td>Finale &#8211;<br>A**-Springen<\/td><td>&#8211;<\/td><td>&#8211;<\/td><td>&#8211;<\/td><\/tr><tr><td>Gro\u00dfe Tour<br>Springen<\/td><td>Quali &#8211;<br>L-Stil-Springen<\/td><td>&#8211;<\/td><td>Quali &#8211;<br>L-Stil-Springen<\/td><td>&#8211;<\/td><td>Finale &#8211;<br>L-Springen<\/td><td>&#8211;<\/td><td>&#8211;<\/td><td>&#8211;<\/td><\/tr><tr><td>Mannschaft &#8211;<br>A-Dressur<\/td><td>Quali &#8211;<br>A*-Dressur<\/td><td>&#8211;<\/td><td>&#8211;<\/td><td>&#8211;<\/td><td>Finale &#8211;<br>A*-Dressur<\/td><td>&#8211;<\/td><td>&#8211;<\/td><td>&#8211;<\/td><\/tr><tr><td>Mannschaft &#8211;<br>A-Springen<\/td><td>&#8211;<\/td><td>Quali &#8211;<br>A*-Springen<\/td><td>&#8211;<\/td><td>&#8211;<\/td><td>Finale &#8211;<br>A*-Springen<\/td><td>&#8211;<\/td><td>&#8211;<\/td><td>&#8211;<\/td><\/tr><tr><td>Kombinierte<br>Tour<\/td><td>&#8211;<\/td><td>&#8211;<\/td><td>&#8211;<\/td><td>&#8211;<\/td><td>&#8211;<\/td><td>Quali &#8211;<br>Dressur-WB<br>Stilspring-WB<\/td><td>Quali &#8211;<br>Dressur-WB<br>Stilspring-WB<\/td><td>Finale &#8211;<br>Dressur-WB<br>Stilspring-WB<\/td><\/tr><tr><td>Mannschaft &#8211;<br>E-Dressur<\/td><td>&#8211;<\/td><td>&#8211;<\/td><td>&#8211;<\/td><td>&#8211;<\/td><td>&#8211;<\/td><td><s>Quali &#8211;<br>Dressur-WB<\/s> entf\u00e4llt<\/td><td><\/td><td>Finale &#8211;<br>Dressur-WB<\/td><\/tr><\/tbody><\/table><\/figure>\n","protected":false},"excerpt":{"rendered":"<p>In diesem Jahr konnten folgende Reiter\/Mannschaften den Kreismeistertitel gewinnen: Dressur Kl. L Dressur Kl. A Dressurmannschaft Kl. A Springen Kl. [&hellip;]<\/p>\n","protected":false},"author":3,"featured_media":0,"parent":0,"menu_order":0,"comment_status":"closed","ping_status":"closed","template":"","meta":{"_uag_custom_page_level_css":"","site-sidebar-layout":"default","site-content-layout":"","ast-site-content-layout":"default","site-content-style":"default","site-sidebar-style":"default","ast-global-header-display":"","ast-banner-title-visibility":"","ast-main-header-display":"","ast-hfb-above-header-display":"","ast-hfb-below-header-display":"","ast-hfb-mobile-header-display":"","site-post-title":"","ast-breadcrumbs-content":"","ast-featured-img":"","footer-sml-layout":"","theme-transparent-header-meta":"","adv-header-id-meta":"","stick-header-meta":"","header-above-stick-meta":"","header-main-stick-meta":"","header-below-stick-meta":"","astra-migrate-meta-layouts":"default","ast-page-background-enabled":"default","ast-page-background-meta":{"desktop":{"background-color":"var(--ast-global-color-5)","background-image":"","background-repeat":"repeat","background-position":"center center","background-size":"auto","background-attachment":"scroll","background-type":"","background-media":"","overlay-type":"","overlay-color":"","overlay-opacity":"","overlay-gradient":""},"tablet":{"background-color":"","background-image":"","background-repeat":"repeat","background-position":"center center","background-size":"auto","background-attachment":"scroll","background-type":"","background-media":"","overlay-type":"","overlay-color":"","overlay-opacity":"","overlay-gradient":""},"mobile":{"background-color":"","background-image":"","background-repeat":"repeat","background-position":"center center","background-size":"auto","background-attachment":"scroll","background-type":"","background-media":"","overlay-type":"","overlay-color":"","overlay-opacity":"","overlay-gradient":""}},"ast-content-background-meta":{"desktop":{"background-color":"var(--ast-global-color-4)","background-image":"","background-repeat":"repeat","background-position":"center center","background-size":"auto","background-attachment":"scroll","background-type":"","background-media":"","overlay-type":"","overlay-color":"","overlay-opacity":"","overlay-gradient":""},"tablet":{"background-color":"var(--ast-global-color-4)","background-image":"","background-repeat":"repeat","background-position":"center center","background-size":"auto","background-attachment":"scroll","background-type":"","background-media":"","overlay-type":"","overlay-color":"","overlay-opacity":"","overlay-gradient":""},"mobile":{"background-color":"var(--ast-global-color-4)","background-image":"","background-repeat":"repeat","background-position":"center center","background-size":"auto","background-attachment":"scroll","background-type":"","background-media":"","overlay-type":"","overlay-color":"","overlay-opacity":"","overlay-gradient":""}},"footnotes":""},"class_list":["post-2203","page","type-page","status-publish","hentry"],"uagb_featured_image_src":{"full":false,"thumbnail":false,"medium":false,"medium_large":false,"large":false,"1536x1536":false,"2048x2048":false},"uagb_author_info":{"display_name":"Lyn Goltz","author_link":"https:\/\/krv-wesermarsch.de\/wordpress\/author\/lyngoltz\/"},"uagb_comment_info":0,"uagb_excerpt":"In diesem Jahr konnten folgende Reiter\/Mannschaften den Kreismeistertitel gewinnen: Dressur Kl. L Dressur Kl. A Dressurmannschaft Kl. A Springen Kl. [&hellip;]","_links":{"self":[{"href":"https:\/\/krv-wesermarsch.de\/wordpress\/wp-json\/wp\/v2\/pages\/2203","targetHints":{"allow":["GET"]}}],"collection":[{"href":"https:\/\/krv-wesermarsch.de\/wordpress\/wp-json\/wp\/v2\/pages"}],"about":[{"href":"https:\/\/krv-wesermarsch.de\/wordpress\/wp-json\/wp\/v2\/types\/page"}],"author":[{"embeddable":true,"href":"https:\/\/krv-wesermarsch.de\/wordpress\/wp-json\/wp\/v2\/users\/3"}],"replies":[{"embeddable":true,"href":"https:\/\/krv-wesermarsch.de\/wordpress\/wp-json\/wp\/v2\/comments?post=2203"}],"version-history":[{"count":6,"href":"https:\/\/krv-wesermarsch.de\/wordpress\/wp-json\/wp\/v2\/pages\/2203\/revisions"}],"predecessor-version":[{"id":2335,"href":"https:\/\/krv-wesermarsch.de\/wordpress\/wp-json\/wp\/v2\/pages\/2203\/revisions\/2335"}],"wp:attachment":[{"href":"https:\/\/krv-wesermarsch.de\/wordpress\/wp-json\/wp\/v2\/media?parent=2203"}],"curies":[{"name":"wp","href":"https:\/\/api.w.org\/{rel}","templated":true}]}}